 factors of k.
109
Suppose 0 = -0*s + 5*s + v - 3, 0 = s + 4*v - 12. Suppose s = 7*p - 6772 - 3728. Suppose 8*x + p = 20*x. List the prime factors of x.
5
Let h(r) = 9*r**2 - 52*r + 1110. List the prime factors of h(28).
2, 5, 11, 61
What are the prime factors of 8/(-116) + 240578/754?
11, 29
Suppose 4276 = 3*j - 2*x, 4*j - 5713 = 8*x - 3*x. Suppose 8*u = 2002 + j. List the prime factors of u.
2, 107
Let k(g) = 2*g**2 + 14*g + 14. Let i be k(-6). Suppose 21*n - 6251 = i*n. What are the prime factors of n?
7, 47
Suppose -85*n + 317477 + 192590 = -188888. What are the prime factors of n?
3, 2741
Let x(b) = b**3 + 8*b**2 - 8*b + 11. Let l be x(-9). Suppose l*y - y = 0. Suppose 27*c - 22*c - 700 = y. What are the prime factors of c?
2, 5, 7
Let h = 42 - 43. Let d be 16 - (h + 1) - -3. List the prime factors of (38/d)/(4/106).
53
What are the prime factors of (-855)/(-380)*(2836 - 0)?
3, 709
Suppose -13*w - 8 = -34. Suppose -5*g = 21*c - 20*c - 724, -c - w*g + 736 = 0. List the prime factors of c.
2, 3, 31
Let m be -1 + (-27)/3*(-2)/6. Suppose -4*w - 8 = 4*z, 4*z = -m*w + 3*w + 17. Suppose h - z*n = -0*h + 65, 110 = 2*h - n. What are the prime factors of h?
53
What are the prime factors of (-208)/(-6)*(505 + 161)?
2, 3, 13, 37
Let x(u) = -u**2 + 6*u + 6. Let c be x(6). What are the prime factors of (1/c*-3)/((-10)/4040)?
2, 101
Let x = -6320 + 14999. What are the prime factors of x?
3, 11, 263
Let q = 631 + -608. Suppose q*z = 577 + 21342. List the prime factors of z.
953
Suppose -5*r + 39 = 4*j, -j - 3*r - 21 + 36 = 0. Suppose 14 = -3*w + 5*z, z - 26 = -3*w - 4*z. What are the prime factors of 0 + w/(j/555)?
5, 37
Suppose 0 = 2315*u - 2516*u + 12370545. What are the prime factors of u?
3, 5, 11, 373
Let j = 57 + -56. Suppose 10 - j = 9*c. List the prime factors of c/(3/2*2/123).
41
Suppose -209*n + 237*n = 47320. List the prime factors of n.
2, 5, 13
Let g be -10*1*(-1)/((-10)/(-15)). Suppose -5*c = g, -6*h + 573 = -3*h + 2*c. List the prime factors of h.
193
List the prime factors of 8625 + -5 - (-54)/6.
8629
Let m be 7 - -3*(28/12 - 3). Suppose -u = 3*g - 759 - 32, -4*g - m*u + 1073 = 0. Suppose -2*z + s = -g, 2*z + 2*s + 3*s - 238 = 0. List the prime factors of z.
3, 43
Let d(i) = -24*i + 21. Let p be d(-4). Let m = -40 + p. Let h = m + 44. What are the prime factors of h?
11
Let w = -843 + 1201. List the prime factors of w.
2, 179
Let w(v) = -2*v**2 - 59*v - 25. Let f be w(-29). Suppose -f*q = -2*p + 802, -p + q = 6*q - 436. What are the prime factors of p?
3, 137
Suppose -4*d + 5*h = -0*d - 146, -3*h = 4*d - 130. Let a = d + -38. List the prime factors of (-450)/a - 4/(-8).
113
List the prime factors of -6 - 19/((-133)/17780).
2, 7, 181
Let p be 6 + -7 + -3 + -6 + 10. Suppose -w + 5662 = 5*n, -4*n + 4535 = -p*w - w. List the prime factors of n.
11, 103
Let t be 3/(3/2) + 44 + -42. What are the prime factors of (-59)/(-3)*(-3 + t - -2)?
59
Let m(g) = 10*g**2 + 3*g - 9. Let n(v) = 20*v**2 + 7*v - 17. Let w(f) = -7*m(f) + 4*n(f). Suppose 0 = 547*q - 539*q - 16. List the prime factors of w(q).
7
Suppose -2410 = v - 3*t, -12*v - 12094 = -7*v - 4*t. What are the prime factors of -8 + 13 - v/2?
2, 19
Let r be (-2 + (-28)/(-16))/(10/(-80)). Suppose -r*s + 3*f + 611 = 0, -4*s + 3*s + 5*f = -316. What are the prime factors of s?
7, 43
Let t = 25341 - 12797. List the prime factors of t.
2, 7
Let b(j) = -27*j - 16. Let z be 10 + 1*(-4 + 0). Let m(t) = -t + 1. Let g(h) = z*m(h) + b(h). What are the prime factors of g(-4)?
2, 61
Let x = 14 - -67. Let z = 151 - x. Suppose -2*n = 3*n + 10, 0 = u + 2*n - z. What are the prime factors of u?
2, 37
Let i be (3 - 12/(-16))/((-3)/(-1192)). Suppose -x = -11*x - i. Let w = -7 - x. What are the prime factors of w?
2, 71
Suppose s + 7 = -2*j, -4*j - 3*s = -0*s + 17. Let g be 1308/(-48) - j/8. Let w = 102 + g. What are the prime factors of w?
3, 5
Let n = -8 + 11. Suppose -3*o = 4*m + o - 1840, -n*m = -5*o - 1420. What are the prime factors of m?
3, 5, 31
Suppose 2875 = -5*b + 10*b. Let z = -200 + b. List the prime factors of z.
3, 5
What are the prime factors of 8/76 + 16606884/266?
2, 1951
Let v = -16 + 8. Let t(p) = 10*p + 10*p**3 + 414 - 11*p**3 - 5*p**2 - 400. What are the prime factors of t(v)?
2, 3, 7
Suppose -97*a - 1930 = -r - 94*a, 3*r = 3*a + 5802. List the prime factors of r.
2, 11
Let b(r) = -5*r**3 + 3*r**2 - 6*r + 18. Let a be b(-5). Suppose -4*i + 0*i = -a. What are the prime factors of i?
11, 17
Let w = 134 - -594. Let h = w - 434. List the prime factors of h.
2, 3, 7
Suppose -2*g + q + 3 = 0, -2*q - 6 = 9*g - 10*g. Suppose 2*m + 4*m - 1644 = g. List the prime factors of m.
2, 137
Let h be (-25)/(-25) - (1 - 1 - 4). Suppose q + 1 = 0, -h*p + q = -q - 42. Suppose -5*y = 2*t - 327, -p*y + 7*y = -t + 160. What are the prime factors of t?
7, 23
List the prime factors of (-146)/(-2920)*10/4 - 226270/(-16).
2, 3, 2357
Suppose -135 = -h - 0*h. Let i = 13 + h. What are the prime factors of i?
2, 37
Let k be (3/(-5))/((-3)/30*2). Suppose 0 = -k*m + 2*m - 265. What are the prime factors of (-1 + (m - -2))*1/(-2)?
2, 3, 11
Let y(u) = 2*u**2 - 3*u - 3. Let x be y(-1). Suppose 3*n + 1845 = 12*w - 9*w, x*w = -4*n + 1212. List the prime factors of w.
2, 3, 17
Suppose -118603 + 263070 + 296037 = 34*k. List the prime factors of k.
2, 41, 79
Let h be 9/15 + -8*(-6)/(-5). List the prime factors of h/((-18)/392) + -7.
3, 7
Suppose 0 = 4*d, 29814 = -i + 5*i + 3*d - 2106. List the prime factors of i.
2, 3, 5, 7, 19
Let q be 0/(2 - 4/4). Let k(z) = -5*z. Let w be k(q). Suppose w = -6*g + 2*g + 24. What are the prime factors of g?
2, 3
Let i(x) = x**2 + 20*x - 262. Let k be i(9). List the prime factors of (-4 + 4)/k + (1421 - -5).
2, 23, 31
Let m(d) = -62*d**2 + 8*d + 21. Let b(r) = 2*r**2 + 2*r + 1. Let v(l) = 4*b(l) - m(l). List the prime factors of v(4).
1103
Let f be 4672/657 + (-2)/18. Suppose -4*y + f*y - 3465 = -3*x, -4*x = -4*y - 4660. List the prime factors of x.
2, 5, 29
Let q(d) = -3*d**2 + d - 98. Let y be q(-11). What are the prime factors of (3*y/(-6))/(17/34)?
2, 59
Suppose -601152 = -30*p - 34*p. What are the prime factors of p?
3, 31, 101
Suppose -3*d + 29*d = 28860. Suppose -3*m - 12*p + d = -14*p, -4*m + 3*p + 1480 = 0. What are the prime factors of m?
2, 5, 37
Suppose 135 = 10*n - 105. Let b be 2 + (14/6 - n/(-36)). What are the prime factors of (8/1 - 0) + b?
13
Suppose 0*k + 108 = 2*k. Let u = 107 - k. Let l = 78 - u. What are the prime factors of l?
5
Let p(i) = -i**3 - 4*i**2 + i + 9. Let t be p(-4). What are the prime factors of (2675/(-20))/t*-4?
107
Suppose -73*y + 7949392 = 20*y + 83*y. What are the prime factors of y?
31, 47
Let z(m) = 2*m + 40. Suppose 4*u + 144 = 68. Let v be z(u). Suppose v*n - 18 = -2. List the prime factors of n.
2
Suppose -5*h = 4*r - 23647 - 24727, -3*h = -5*r - 29017. List the prime factors of h.
2, 7, 691
Let f(l) = 12*l - 18. Let v be f(2). Suppose v*y + 2379 = 19*y. What are the prime factors of y?
3, 61
Let m(l) = -7*l**2 - 8*l - 3. Let q be m(-4). Let f = 122 + q. Let r = f - 22. What are the prime factors of r?
17
Let o be 22617/243 - (-10)/(-135). Let t = o + 558. List the prime factors of t.
3, 7, 31
Let f(d) = 236*d**2 + d - 1. Let s be f(-1). Let k = s - 193. List the prime factors of k.
41
Let b(x) = -x**3 + 5*x**2 + 7*x - 4. Let h(s) = 10*s + 4. Let l be h(5). Let w = l + -48. List the prime factors of b(w).
2
Let p(s) = s**3 - 20*s**2 + 20*s - 19. Let d be p(19). Suppose d = 144*n - 139*n - 435. List the prime factors of n.
3, 29
Let f(d) = -3*d + 43. Let x be f(8). Let m(u) = 5*u**2 - 6*u + 38. Let j be m(x). Suppose -3*w - j = -10*w. What are the prime factors of w?
13, 19
Let p(a) = 8509*a**2 - 54*a + 55. What are the prime factors of p(1)?
2, 5, 23, 37
Let i(j) = 32*j - 88. Let c be i(3). Suppose -4834 = -c*x + 1982. List the prime factors of x.
2, 3, 71
Suppose 4*p + 106 = 114, 0 = n - 3*p - 37664. What are the prime factors of n?
2, 5, 3767
Let o = 17055 + -8219. Suppose -3*l + 6657 = 3*w, 6*l - 2*l + o = 4*w. Suppose 0 = 17*q - w + 429. List the prime factors of q.
3, 5, 7
Let g = 739 - 164. Suppose 0 = -3*q + g - 23. List the prime factors of q.
2, 23
Suppose 5*o - 4*q = -9, 6*o + 4*q = 3*o + 1. Let l be 0 - (o + 1) - (-11 + 17). What are the prim